{"id":1089,"date":"2021-04-20T20:49:02","date_gmt":"2021-04-20T23:49:02","guid":{"rendered":"https:\/\/laweeeda.ict.unesp.br\/?page_id=1089"},"modified":"2021-06-16T13:58:05","modified_gmt":"2021-06-16T16:58:05","slug":"materiais-didaticos-2","status":"publish","type":"page","link":"https:\/\/laweeeda.ict.unesp.br\/site\/?page_id=1089","title":{"rendered":"Materiais Did\u00e1ticos"},"content":{"rendered":"<p><span style=\"color: #1a5fab;\"><b>Fa\u00e7a o download gratuito e conhe\u00e7a mais sobre gerenciamento dos Res\u00edduos Eletroeletr\u00f4nicos.<\/b><\/span><\/p>\n<p>Para ter acesso as nossas playlists de v\u00eddeos educacionais desenvolvidas pelo projeto, siga o nosso canal no YouTube <span style=\"color: #1a5fab;\"><a style=\"color: #1a5fab;\" href=\"https:\/\/www.youtube.com\/channel\/UCiqGFxcR_yzUWZBcxQ_oYlg\"><span class=\"has-inline-color\"><strong>clicando aqui.<\/strong><\/span><\/a><\/span><\/p>\n<ul>\n<li>Guia de desmontagem de equipamentos de TI (<span style=\"color: #1a5fab;\"><a style=\"color: #1a5fab;\" href=\"https:\/\/laweeeda.ict.unesp.br\/formulario-para-download-do-material\/\"><strong>download<\/strong><\/a><\/span>)<\/li>\n<li>Cooperativas e a gest\u00e3o de res\u00edduos eletroeletr\u00f4nicos (<a href=\"https:\/\/laweeeda.ict.unesp.br\/?wpforms_form_preview=1394\"><strong><span style=\"color: #1a5fab;\">download<\/span><\/strong><\/a>)<\/li>\n<\/ul>\n","protected":false},"excerpt":{"rendered":"<p>Fa\u00e7a o download gratuito e conhe\u00e7a mais sobre gerenciamento dos Res\u00edduos Eletroeletr\u00f4nicos. Para ter acesso as nossas playlists de v\u00eddeos educacionais desenvolvidas pelo projeto, siga o nosso canal no YouTube clicando aqui. Guia de desmontagem de equipamentos de TI (download) Cooperativas e a gest\u00e3o de res\u00edduos eletroeletr\u00f4nicos (download)<\/p>\n","protected":false},"author":1,"featured_media":0,"parent":0,"menu_order":0,"comment_status":"closed","ping_status":"closed","template":"","meta":{"_uag_custom_page_level_css":"","site-sidebar-layout":"default","site-content-layout":"default","ast-site-content-layout":"","site-content-style":"default","site-sidebar-style":"default","ast-global-header-display":"","ast-banner-title-visibility":"","ast-main-header-display":"","ast-hfb-above-header-display":"","ast-hfb-below-header-display":"","ast-hfb-mobile-header-display":"","site-post-title":"","ast-breadcrumbs-content":"","ast-featured-img":"","footer-sml-layout":"","theme-transparent-header-meta":"default","adv-header-id-meta":"","stick-header-meta":"","header-above-stick-meta":"","header-main-stick-meta":"","header-below-stick-meta":"","astra-migrate-meta-layouts":"","ast-page-background-enabled":"default","ast-page-background-meta":{"desktop":{"background-color":"var(--ast-global-color-4)","background-image":"","background-repeat":"repeat","background-position":"center center","background-size":"auto","background-attachment":"scroll","background-type":"","background-media":"","overlay-type":"","overlay-color":"","overlay-gradient":""},"tablet":{"background-color":"","background-image":"","background-repeat":"repeat","background-position":"center center","background-size":"auto","background-attachment":"scroll","background-type":"","background-media":"","overlay-type":"","overlay-color":"","overlay-gradient":""},"mobile":{"background-color":"","background-image":"","background-repeat":"repeat","background-position":"center center","background-size":"auto","background-attachment":"scroll","background-type":"","background-media":"","overlay-type":"","overlay-color":"","overlay-gradient":""}},"ast-content-background-meta":{"desktop":{"background-color":"var(--ast-global-color-5)","background-image":"","background-repeat":"repeat","background-position":"center center","background-size":"auto","background-attachment":"scroll","background-type":"","background-media":"","overlay-type":"","overlay-color":"","overlay-gradient":""},"tablet":{"background-color":"var(--ast-global-color-5)","background-image":"","background-repeat":"repeat","background-position":"center center","background-size":"auto","background-attachment":"scroll","background-type":"","background-media":"","overlay-type":"","overlay-color":"","overlay-gradient":""},"mobile":{"background-color":"var(--ast-global-color-5)","background-image":"","background-repeat":"repeat","background-position":"center center","background-size":"auto","background-attachment":"scroll","background-type":"","background-media":"","overlay-type":"","overlay-color":"","overlay-gradient":""}},"footnotes":""},"uagb_featured_image_src":{"full":false,"thumbnail":false,"medium":false,"medium_large":false,"large":false,"1536x1536":false,"2048x2048":false},"uagb_author_info":{"display_name":"laweeeda","author_link":"https:\/\/laweeeda.ict.unesp.br\/site\/?author=1"},"uagb_comment_info":0,"uagb_excerpt":"Fa\u00e7a o download gratuito e conhe\u00e7a mais sobre gerenciamento dos Res\u00edduos Eletroeletr\u00f4nicos. Para ter acesso as nossas playlists de v\u00eddeos educacionais desenvolvidas pelo projeto, siga o nosso canal no YouTube clicando aqui. Guia de desmontagem de equipamentos de TI (download) Cooperativas e a gest\u00e3o de res\u00edduos eletroeletr\u00f4nicos (download)","_links":{"self":[{"href":"https:\/\/laweeeda.ict.unesp.br\/site\/index.php?rest_route=\/wp\/v2\/pages\/1089"}],"collection":[{"href":"https:\/\/laweeeda.ict.unesp.br\/site\/index.php?rest_route=\/wp\/v2\/pages"}],"about":[{"href":"https:\/\/laweeeda.ict.unesp.br\/site\/index.php?rest_route=\/wp\/v2\/types\/page"}],"author":[{"embeddable":true,"href":"https:\/\/laweeeda.ict.unesp.br\/site\/index.php?rest_route=\/wp\/v2\/users\/1"}],"replies":[{"embeddable":true,"href":"https:\/\/laweeeda.ict.unesp.br\/site\/index.php?rest_route=%2Fwp%2Fv2%2Fcomments&post=1089"}],"version-history":[{"count":18,"href":"https:\/\/laweeeda.ict.unesp.br\/site\/index.php?rest_route=\/wp\/v2\/pages\/1089\/revisions"}],"predecessor-version":[{"id":1395,"href":"https:\/\/laweeeda.ict.unesp.br\/site\/index.php?rest_route=\/wp\/v2\/pages\/1089\/revisions\/1395"}],"wp:attachment":[{"href":"https:\/\/laweeeda.ict.unesp.br\/site\/index.php?rest_route=%2Fwp%2Fv2%2Fmedia&parent=1089"}],"curies":[{"name":"wp","href":"https:\/\/api.w.org\/{rel}","templated":true}]}}