{"id":288,"date":"2018-09-18T23:04:11","date_gmt":"2018-09-19T02:04:11","guid":{"rendered":"http:\/\/laweeeda.ict.unesp.br\/?page_id=288"},"modified":"2021-05-08T15:33:46","modified_gmt":"2021-05-08T18:33:46","slug":"about","status":"publish","type":"page","link":"https:\/\/laweeeda.ict.unesp.br\/site\/?page_id=288","title":{"rendered":"Sobre LaWEEEda"},"content":{"rendered":"<p><span style=\"color: #1a60aa;\"><b>Justificativa.<\/b><\/span><\/p>\n<p>A Am\u00e9rica \u00e9 caracterizada por uma alta taxa de urbaniza\u00e7\u00e3o e, associada a isso, uma alta taxa de penetra\u00e7\u00e3o no mercado de equipamentos de TI e outros Equipamentos Eletr\u00f4nicos.\u00a0O r\u00e1pido crescimento das vendas de Equipamentos El\u00e9tricos e Eletr\u00f4nicos est\u00e1 resultando em quantidades crescentes de Res\u00edduos de Equipamentos El\u00e9tricos e Eletr\u00f4nicos (REEE).\u00a0O lixo eletr\u00f4nico marca um problema ambiental emergente, bem como uma oportunidade de neg\u00f3cios, dado o conte\u00fado de materiais perigosos e valiosos.<\/p>\n<p class=\"p1\"><span class=\"s1\" style=\"color: #1a60aa;\"><b>Desafios na Am\u00e9rica Latina.<\/b><\/span><\/p>\n<ul>\n<li>Falta de capacidades em todos os n\u00edveis;<\/li>\n<li>Quantidades crescentes de lixo eletr\u00f4nico;<\/li>\n<li>Falta de pol\u00edticas e fiscaliza\u00e7\u00e3o;<\/li>\n<li>Coleta informal ativa e sistemas de tratamento;<\/li>\n<li>Sistemas formais de coleta, reciclagem, tratamento e disposi\u00e7\u00e3o final;<\/li>\n<\/ul>\n<p><span style=\"color: #1a60aa;\"><b>Projetos inovadores.<\/b><\/span><\/p>\n<ul>\n<li>Apoiar o empreendedorismo sustent\u00e1vel;<\/li>\n<li>Estabelecimento de dois centros de treinamento em lixo eletr\u00f4nico;<\/li>\n<li>Sustentabilidade financeira (desenvolvimento do plano de neg\u00f3cios);<\/li>\n<li>Inclus\u00e3o de quest\u00f5es ambientais, por exemplo, relacionadas a fra\u00e7\u00f5es de valor negativo;<\/li>\n<li>Inclus\u00e3o de partes interessadas menos reconhecidas (informais, desempregados de longa dura\u00e7\u00e3o);<\/li>\n<\/ul>\n<p><span style=\"color: #1a60aa;\"><b>Pacotes de trabalho.<\/b><\/span><\/p>\n<ul>\n<li><b>WP 1\u00a0<\/b>: Identifica\u00e7\u00e3o de lacunas e necessidades de treinamento;<\/li>\n<li style=\"text-align: left;\"><b>WP 2\u00a0<\/b>: Planejar e implementar centros de treinamento e colabora\u00e7\u00e3o de Universidade-Empresa no Brasil e na Nicar\u00e1gua (dois centros regionais de conhecimento e duas filiais);<\/li>\n<li><b>WP 3\u00a0<\/b><b>e 4\u00a0<\/b>: Desenvolvimento de produtos educacionais para a educa\u00e7\u00e3o acad\u00eamica e profissionais<\/li>\n<li><b>WP 5\u00a0<\/b>: Ferramentas e t\u00e9cnicas de ensino inovadoras;<\/li>\n<li><b>WP 6\u00a0<\/b>: A qualidade dos resultados do projeto \u00e9 controlada;<\/li>\n<li><b>WP 7\u00a0<\/b>: Divulga\u00e7\u00e3o do projeto e controle dos direitos de propriedade intelectual;<\/li>\n<\/ul>\n<p><span style=\"color: #1a60aa;\"><b>Benefici\u00e1rios.<\/b><\/span><\/p>\n<ul>\n<li>Alunos e professores das universidades;<\/li>\n<li>Profissionais de lixo eletr\u00f4nico;<\/li>\n<li>Autoridades;<\/li>\n<li>Setor informal e desempregados de longa dura\u00e7\u00e3o.<\/li>\n<\/ul>\n<p><span style=\"color: #1a60aa;\"><b>Dura\u00e7\u00e3o do projeto.<\/b><\/span><span style=\"font-weight: 400;\"><br \/>\n<\/span><span style=\"font-weight: 400;\">2016-2019<\/span><\/p>\n<p><span style=\"color: #1a60aa;\"><b>Contato.<\/b><\/span><\/p>\n<p><span style=\"font-weight: 400;\">E-Mail: laweeeda@gmail.com<\/span><span style=\"font-weight: 400;\"><br \/>\n<\/span><span style=\"font-weight: 400;\">Telefone: +43-1-3189900-336<\/span><\/p>\n<p><span style=\"color: #1a60aa;\"><b>Equipe do projeto.<\/b><\/span><span style=\"font-weight: 400;\"><br \/>\n<\/span><\/p>\n<p><img decoding=\"async\" loading=\"lazy\" class=\"wp-image-132 size-full aligncenter\" src=\"https:\/\/laweeeda.ict.unesp.br\/wp-content\/uploads\/2018\/04\/image1-e1618603510301.png\" alt=\"\" width=\"340\" height=\"500\" \/><\/p>\n<p style=\"padding-left: 40px;\"><span style=\"color: #00ccff;\"><b>L\u00edder\u00a0do projeto\u00a0<\/b><\/span><\/p>\n<p><span style=\"font-weight: 400;\">Institute of Waste Management<\/span><span style=\"font-weight: 400;\"><br \/>\n<\/span><span style=\"font-weight: 400;\">Department Water-Atmosphere-Environment<\/span><span style=\"font-weight: 400;\"><br \/>\n<\/span><span style=\"font-weight: 400;\">University of Natural Resources and Life Sciences, Vienna<\/span><span style=\"font-weight: 400;\"><br \/>\n<\/span><span style=\"font-weight: 400;\">Muthgasse 107, A \u2013 1190 Wien<\/span><span style=\"font-weight: 400;\"><br \/>\n<\/span><span style=\"font-weight: 400;\">Phone: +43-1-3189900-310<\/span><span style=\"font-weight: 400;\"><br \/>\n<\/span><span style=\"font-weight: 400;\">Fax: +43-1-3189900-350<\/span><\/p>\n","protected":false},"excerpt":{"rendered":"<p>Justificativa. A Am\u00e9rica \u00e9 caracterizada por uma alta taxa de urbaniza\u00e7\u00e3o e, associada a isso, uma alta taxa de penetra\u00e7\u00e3o no mercado de equipamentos de TI e outros Equipamentos Eletr\u00f4nicos.\u00a0O r\u00e1pido crescimento das vendas de Equipamentos El\u00e9tricos e Eletr\u00f4nicos est\u00e1 resultando em quantidades crescentes de Res\u00edduos de Equipamentos El\u00e9tricos e Eletr\u00f4nicos (REEE).\u00a0O lixo eletr\u00f4nico marca &hellip;<\/p>\n<p class=\"read-more\"> <a class=\"\" href=\"https:\/\/laweeeda.ict.unesp.br\/site\/?page_id=288\"> <span class=\"screen-reader-text\">Sobre LaWEEEda<\/span> Leia mais &raquo;<\/a><\/p>\n","protected":false},"author":1,"featured_media":0,"parent":0,"menu_order":0,"comment_status":"closed","ping_status":"closed","template":"","meta":{"_uag_custom_page_level_css":"","site-sidebar-layout":"default","site-content-layout":"default","ast-site-content-layout":"","site-content-style":"default","site-sidebar-style":"default","ast-global-header-display":"","ast-banner-title-visibility":"","ast-main-header-display":"","ast-hfb-above-header-display":"","ast-hfb-below-header-display":"","ast-hfb-mobile-header-display":"","site-post-title":"","ast-breadcrumbs-content":"","ast-featured-img":"","footer-sml-layout":"","theme-transparent-header-meta":"default","adv-header-id-meta":"","stick-header-meta":"","header-above-stick-meta":"","header-main-stick-meta":"","header-below-stick-meta":"","astra-migrate-meta-layouts":"","ast-page-background-enabled":"default","ast-page-background-meta":{"desktop":{"background-color":"var(--ast-global-color-4)","background-image":"","background-repeat":"repeat","background-position":"center center","background-size":"auto","background-attachment":"scroll","background-type":"","background-media":"","overlay-type":"","overlay-color":"","overlay-gradient":""},"tablet":{"background-color":"","background-image":"","background-repeat":"repeat","background-position":"center center","background-size":"auto","background-attachment":"scroll","background-type":"","background-media":"","overlay-type":"","overlay-color":"","overlay-gradient":""},"mobile":{"background-color":"","background-image":"","background-repeat":"repeat","background-position":"center center","background-size":"auto","background-attachment":"scroll","background-type":"","background-media":"","overlay-type":"","overlay-color":"","overlay-gradient":""}},"ast-content-background-meta":{"desktop":{"background-color":"var(--ast-global-color-5)","background-image":"","background-repeat":"repeat","background-position":"center center","background-size":"auto","background-attachment":"scroll","background-type":"","background-media":"","overlay-type":"","overlay-color":"","overlay-gradient":""},"tablet":{"background-color":"var(--ast-global-color-5)","background-image":"","background-repeat":"repeat","background-position":"center center","background-size":"auto","background-attachment":"scroll","background-type":"","background-media":"","overlay-type":"","overlay-color":"","overlay-gradient":""},"mobile":{"background-color":"var(--ast-global-color-5)","background-image":"","background-repeat":"repeat","background-position":"center center","background-size":"auto","background-attachment":"scroll","background-type":"","background-media":"","overlay-type":"","overlay-color":"","overlay-gradient":""}},"footnotes":""},"uagb_featured_image_src":{"full":false,"thumbnail":false,"medium":false,"medium_large":false,"large":false,"1536x1536":false,"2048x2048":false},"uagb_author_info":{"display_name":"laweeeda","author_link":"https:\/\/laweeeda.ict.unesp.br\/site\/?author=1"},"uagb_comment_info":0,"uagb_excerpt":"Justificativa. A Am\u00e9rica \u00e9 caracterizada por uma alta taxa de urbaniza\u00e7\u00e3o e, associada a isso, uma alta taxa de penetra\u00e7\u00e3o no mercado de equipamentos de TI e outros Equipamentos Eletr\u00f4nicos.\u00a0O r\u00e1pido crescimento das vendas de Equipamentos El\u00e9tricos e Eletr\u00f4nicos est\u00e1 resultando em quantidades crescentes de Res\u00edduos de Equipamentos El\u00e9tricos e Eletr\u00f4nicos (REEE).\u00a0O lixo eletr\u00f4nico marca&hellip;","_links":{"self":[{"href":"https:\/\/laweeeda.ict.unesp.br\/site\/index.php?rest_route=\/wp\/v2\/pages\/288"}],"collection":[{"href":"https:\/\/laweeeda.ict.unesp.br\/site\/index.php?rest_route=\/wp\/v2\/pages"}],"about":[{"href":"https:\/\/laweeeda.ict.unesp.br\/site\/index.php?rest_route=\/wp\/v2\/types\/page"}],"author":[{"embeddable":true,"href":"https:\/\/laweeeda.ict.unesp.br\/site\/index.php?rest_route=\/wp\/v2\/users\/1"}],"replies":[{"embeddable":true,"href":"https:\/\/laweeeda.ict.unesp.br\/site\/index.php?rest_route=%2Fwp%2Fv2%2Fcomments&post=288"}],"version-history":[{"count":14,"href":"https:\/\/laweeeda.ict.unesp.br\/site\/index.php?rest_route=\/wp\/v2\/pages\/288\/revisions"}],"predecessor-version":[{"id":1220,"href":"https:\/\/laweeeda.ict.unesp.br\/site\/index.php?rest_route=\/wp\/v2\/pages\/288\/revisions\/1220"}],"wp:attachment":[{"href":"https:\/\/laweeeda.ict.unesp.br\/site\/index.php?rest_route=%2Fwp%2Fv2%2Fmedia&parent=288"}],"curies":[{"name":"wp","href":"https:\/\/api.w.org\/{rel}","templated":true}]}}