{"id":60,"date":"2018-03-03T21:54:44","date_gmt":"2018-03-04T00:54:44","guid":{"rendered":"http:\/\/www.instadev.com.br\/laweeeda\/?page_id=60"},"modified":"2020-03-26T13:45:46","modified_gmt":"2020-03-26T16:45:46","slug":"about-erasmus","status":"publish","type":"page","link":"https:\/\/laweeeda.ict.unesp.br\/site\/?page_id=60","title":{"rendered":"Sobre o Erasmus+"},"content":{"rendered":"<p>O Erasmus+ \u00e9 o programa da Uni\u00e3o Europeia para a educa\u00e7\u00e3o, forma\u00e7\u00e3o, juventude e desporto. O seu or\u00e7amento de 14,7 milh\u00f5es de euros dar\u00e1 a mais de 4 milh\u00f5es de europeus oportunidades de estudo, forma\u00e7\u00e3o, aquisi\u00e7\u00e3o de experi\u00eancia e voluntariado no estrangeiro.<\/p>\n<p>O programa Erasmus+, que se prolonga at\u00e9 2020, n\u00e3o oferece apenas oportunidades aos estudantes. Com efeito, resultante da fus\u00e3o de sete programas anteriores, este programa alarga as oportunidades a uma grande variedade de pessoas e organiza\u00e7\u00f5es.<\/p>\n<p><a href=\"https:\/\/ec.europa.eu\/programmes\/erasmus-plus\/node_pt\" target=\"_blank\" rel=\"noopener noreferrer\">Para mais informa\u00e7\u00f5es, clique aqui para visitar o site Erasmus +<\/a><\/p>\n\n\n<p><\/p>\n","protected":false},"excerpt":{"rendered":"<p>O Erasmus+ \u00e9 o programa da Uni\u00e3o Europeia para a educa\u00e7\u00e3o, forma\u00e7\u00e3o, juventude e desporto. O seu or\u00e7amento de 14,7 milh\u00f5es de euros dar\u00e1 a mais de 4 milh\u00f5es de europeus oportunidades de estudo, forma\u00e7\u00e3o, aquisi\u00e7\u00e3o de experi\u00eancia e voluntariado no estrangeiro. O programa Erasmus+, que se prolonga at\u00e9 2020, n\u00e3o oferece apenas oportunidades aos &hellip;<\/p>\n<p class=\"read-more\"> <a class=\"\" href=\"https:\/\/laweeeda.ict.unesp.br\/site\/?page_id=60\"> <span class=\"screen-reader-text\">Sobre o Erasmus+<\/span> Leia mais &raquo;<\/a><\/p>\n","protected":false},"author":1,"featured_media":0,"parent":0,"menu_order":0,"comment_status":"closed","ping_status":"closed","template":"","meta":{"_uag_custom_page_level_css":"","site-sidebar-layout":"default","site-content-layout":"","ast-site-content-layout":"","site-content-style":"default","site-sidebar-style":"default","ast-global-header-display":"","ast-banner-title-visibility":"","ast-main-header-display":"","ast-hfb-above-header-display":"","ast-hfb-below-header-display":"","ast-hfb-mobile-header-display":"","site-post-title":"","ast-breadcrumbs-content":"","ast-featured-img":"","footer-sml-layout":"","theme-transparent-header-meta":"","adv-header-id-meta":"","stick-header-meta":"","header-above-stick-meta":"","header-main-stick-meta":"","header-below-stick-meta":"","astra-migrate-meta-layouts":"","ast-page-background-enabled":"default","ast-page-background-meta":{"desktop":{"background-color":"var(--ast-global-color-4)","background-image":"","background-repeat":"repeat","background-position":"center center","background-size":"auto","background-attachment":"scroll","background-type":"","background-media":"","overlay-type":"","overlay-color":"","overlay-gradient":""},"tablet":{"background-color":"","background-image":"","background-repeat":"repeat","background-position":"center center","background-size":"auto","background-attachment":"scroll","background-type":"","background-media":"","overlay-type":"","overlay-color":"","overlay-gradient":""},"mobile":{"background-color":"","background-image":"","background-repeat":"repeat","background-position":"center center","background-size":"auto","background-attachment":"scroll","background-type":"","background-media":"","overlay-type":"","overlay-color":"","overlay-gradient":""}},"ast-content-background-meta":{"desktop":{"background-color":"var(--ast-global-color-5)","background-image":"","background-repeat":"repeat","background-position":"center center","background-size":"auto","background-attachment":"scroll","background-type":"","background-media":"","overlay-type":"","overlay-color":"","overlay-gradient":""},"tablet":{"background-color":"var(--ast-global-color-5)","background-image":"","background-repeat":"repeat","background-position":"center center","background-size":"auto","background-attachment":"scroll","background-type":"","background-media":"","overlay-type":"","overlay-color":"","overlay-gradient":""},"mobile":{"background-color":"var(--ast-global-color-5)","background-image":"","background-repeat":"repeat","background-position":"center center","background-size":"auto","background-attachment":"scroll","background-type":"","background-media":"","overlay-type":"","overlay-color":"","overlay-gradient":""}},"footnotes":""},"uagb_featured_image_src":{"full":false,"thumbnail":false,"medium":false,"medium_large":false,"large":false,"1536x1536":false,"2048x2048":false},"uagb_author_info":{"display_name":"laweeeda","author_link":"https:\/\/laweeeda.ict.unesp.br\/site\/?author=1"},"uagb_comment_info":0,"uagb_excerpt":"O Erasmus+ \u00e9 o programa da Uni\u00e3o Europeia para a educa\u00e7\u00e3o, forma\u00e7\u00e3o, juventude e desporto. O seu or\u00e7amento de 14,7 milh\u00f5es de euros dar\u00e1 a mais de 4 milh\u00f5es de europeus oportunidades de estudo, forma\u00e7\u00e3o, aquisi\u00e7\u00e3o de experi\u00eancia e voluntariado no estrangeiro. O programa Erasmus+, que se prolonga at\u00e9 2020, n\u00e3o oferece apenas oportunidades aos&hellip;","_links":{"self":[{"href":"https:\/\/laweeeda.ict.unesp.br\/site\/index.php?rest_route=\/wp\/v2\/pages\/60"}],"collection":[{"href":"https:\/\/laweeeda.ict.unesp.br\/site\/index.php?rest_route=\/wp\/v2\/pages"}],"about":[{"href":"https:\/\/laweeeda.ict.unesp.br\/site\/index.php?rest_route=\/wp\/v2\/types\/page"}],"author":[{"embeddable":true,"href":"https:\/\/laweeeda.ict.unesp.br\/site\/index.php?rest_route=\/wp\/v2\/users\/1"}],"replies":[{"embeddable":true,"href":"https:\/\/laweeeda.ict.unesp.br\/site\/index.php?rest_route=%2Fwp%2Fv2%2Fcomments&post=60"}],"version-history":[{"count":9,"href":"https:\/\/laweeeda.ict.unesp.br\/site\/index.php?rest_route=\/wp\/v2\/pages\/60\/revisions"}],"predecessor-version":[{"id":1066,"href":"https:\/\/laweeeda.ict.unesp.br\/site\/index.php?rest_route=\/wp\/v2\/pages\/60\/revisions\/1066"}],"wp:attachment":[{"href":"https:\/\/laweeeda.ict.unesp.br\/site\/index.php?rest_route=%2Fwp%2Fv2%2Fmedia&parent=60"}],"curies":[{"name":"wp","href":"https:\/\/api.w.org\/{rel}","templated":true}]}}